{"id":4853,"date":"2026-05-14T12:43:50","date_gmt":"2026-05-14T10:43:50","guid":{"rendered":"https:\/\/antiguosalumnosmaravillas.com\/asociacion\/?page_id=4853"},"modified":"2026-05-14T12:43:54","modified_gmt":"2026-05-14T10:43:54","slug":"porque-una-asociacion","status":"publish","type":"page","link":"https:\/\/antiguosalumnosmaravillas.com\/asociacion\/porque-una-asociacion\/","title":{"rendered":"Porque una Asociaci\u00f3n"},"content":{"rendered":"<p>[et_pb_section fb_built=\u00bb1&#8243; fullwidth=\u00bbon\u00bb _builder_version=\u00bb4.27.4&#8243; _module_preset=\u00bbdefault\u00bb hover_enabled=\u00bb0&#8243; global_colors_info=\u00bb{}\u00bb module_alignment=\u00bbcenter\u00bb sticky_enabled=\u00bb0&#8243;][et_pb_fullwidth_header _builder_version=\u00bb4.27.4&#8243; _module_preset=\u00bbdefault\u00bb title=\u00bbPorque una Asociaci\u00f3n\u00bb hover_enabled=\u00bb0&#8243; sticky_enabled=\u00bb0&#8243; text_orientation=\u00bbcenter\u00bb][\/et_pb_fullwidth_header][\/et_pb_section][et_pb_section fb_built=\u00bb1&#8243; _builder_version=\u00bb4.27.4&#8243; background_color=\u00bbRGBA(255,255,255,0)\u00bb global_colors_info=\u00bb{}\u00bb][et_pb_row _builder_version=\u00bb4.16&#8243; background_size=\u00bbinitial\u00bb background_position=\u00bbtop_left\u00bb background_repeat=\u00bbrepeat\u00bb global_colors_info=\u00bb{}\u00bb][et_pb_column type=\u00bb4_4&#8243; _builder_version=\u00bb4.16&#8243; custom_padding=\u00bb|||\u00bb global_colors_info=\u00bb{}\u00bb custom_padding__hover=\u00bb|||\u00bb][et_pb_text _builder_version=\u00bb4.27.4&#8243; background_size=\u00bbinitial\u00bb background_position=\u00bbtop_left\u00bb background_repeat=\u00bbrepeat\u00bb hover_enabled=\u00bb0&#8243; global_colors_info=\u00bb{}\u00bb sticky_enabled=\u00bb0&#8243;]<\/p>\n<h3>Un legado\u00a0que vive en ti<\/h3>\n<p>Te proponemos un viaje al pasado. Recuerda el sonido del timbre, las risas en el patio y ese profesor dictando un problema imposible. El Colegio Maravillas no fue solo un lugar donde estudiaste: fue donde creciste y aprendiste a ser quien eres hoy.<\/p>\n<h3>Nuestra Esencia<\/h3>\n<p>La Asociaci\u00f3n no es solo una lista de nombres o una base de datos; es la oportunidad de mantener unidos m\u00e1s de cien a\u00f1os de historia, fortaleciendo&#8230;<\/p>\n<blockquote>\n<ul>\n<li><strong>El\u00a0Reencuentro<\/strong>: Volver a conectar con las personas que forman parte de tu historia personal.<\/li>\n<li><strong>La Identidad<\/strong>: Mantener vivo el orgullo de pertenecer a una instituci\u00f3n centenaria.<\/li>\n<li><strong>El Futuro<\/strong>: No miramos al pasado con melancol\u00eda, sino con el prop\u00f3sito de seguir construyendo comunidad.<\/li>\n<\/ul>\n<\/blockquote>\n<h3>\u00bfPor qu\u00e9 formar parte?<\/h3>\n<p>Si te preguntas por qu\u00e9 dar el paso y unirte, la raz\u00f3n es sencilla:<\/p>\n<blockquote>\n<ul>\n<li><strong>Compartir el recuerdo<\/strong>: Las vivencias se hacen m\u00e1s fuertes cuando se comparten con quienes las entienden.<\/li>\n<li><strong>Cuidar la amistad<\/strong>: Aquellos lazos que nacieron en las aulas merecen un espacio para seguir creciendo.<\/li>\n<li><strong>Sentido de pertenencia<\/strong>: Siempre es reconfortante volver al lugar donde empez\u00f3 todo.<\/li>\n<\/ul>\n<\/blockquote>\n<h4 style=\"text-align: center;\"><strong>Ser antiguo alumno no es mirar al pasado\u2026 es seguir formando parte de una historia que contin\u00faa. <\/strong><\/h4>\n<h4 style=\"text-align: center;\"><strong>Tu apoyo y colaboraci\u00f3n son el motor de este proyecto.<\/strong><\/h4>\n<p>[\/et_pb_text][\/et_pb_column][\/et_pb_row][\/et_pb_section]<\/p>\n","protected":false},"excerpt":{"rendered":"<p>Un legado\u00a0que vive en ti Te proponemos un viaje al pasado. Recuerda el sonido del timbre, las risas en el patio y ese profesor dictando un problema imposible. El Colegio Maravillas no fue solo un lugar donde estudiaste: fue donde creciste y aprendiste a ser quien eres hoy. Nuestra Esencia La Asociaci\u00f3n no es solo [&hellip;]<\/p>\n","protected":false},"author":746,"featured_media":0,"parent":0,"menu_order":0,"comment_status":"closed","ping_status":"closed","template":"","meta":{"_et_pb_use_builder":"on","_et_pb_old_content":"<h3>Un legado que vive en ti<\/h3><p>Te proponemos un viaje al pasado. Recuerda el sonido del timbre, las risas en el patio y ese profesor dictando un problema imposible. El Colegio Maravillas no fue solo un lugar de estudio: fue donde creciste y aprendiste a ser quien eres hoy.<\/p><h3>Nuestra Esencia<\/h3><p>La Asociaci\u00f3n no es solo una lista de nombres o una base de datos; es la oportunidad de mantener unidos m\u00e1s de cien a\u00f1os de historia, fortaleciendo...<\/p><blockquote><ul><li><strong>El Reencuentro<\/strong>: Volver a conectar con las personas que forman parte de tu historia personal.<\/li><li><strong>La Identidad<\/strong>: Mantener vivo el orgullo de pertenecer a una instituci\u00f3n centenaria.<\/li><li><strong>El Futuro<\/strong>: No miramos al pasado con melancol\u00eda, sino con el prop\u00f3sito de seguir construyendo comunidad.<\/li><\/ul><\/blockquote><h3>\u00bfPor qu\u00e9 formar parte?<\/h3><p>Si te preguntas por qu\u00e9 dar el paso y unirte, la raz\u00f3n es sencilla:<\/p><blockquote><ul><li><strong>Compartir el recuerdo<\/strong>: Las vivencias se hacen m\u00e1s fuertes cuando se comparten con quienes las entienden.<\/li><li><strong>Cuidar la amistad<\/strong>: Aquellos lazos que nacieron en las aulas merecen un espacio para seguir creciendo.<\/li><li><strong>Sentido de pertenencia<\/strong>: Siempre es reconfortante volver al lugar donde empez\u00f3 todo.<\/li><\/ul><\/blockquote><h3>Ser antiguo alumno no es mirar al pasado\u2026 es seguir formando parte de una historia que contin\u00faa. Tu apoyo y colaboraci\u00f3n son el motor de este proyecto.<\/h3>","_et_gb_content_width":"","footnotes":""},"class_list":["post-4853","page","type-page","status-publish","hentry"],"_links":{"self":[{"href":"https:\/\/antiguosalumnosmaravillas.com\/asociacion\/wp-json\/wp\/v2\/pages\/4853","targetHints":{"allow":["GET"]}}],"collection":[{"href":"https:\/\/antiguosalumnosmaravillas.com\/asociacion\/wp-json\/wp\/v2\/pages"}],"about":[{"href":"https:\/\/antiguosalumnosmaravillas.com\/asociacion\/wp-json\/wp\/v2\/types\/page"}],"author":[{"embeddable":true,"href":"https:\/\/antiguosalumnosmaravillas.com\/asociacion\/wp-json\/wp\/v2\/users\/746"}],"replies":[{"embeddable":true,"href":"https:\/\/antiguosalumnosmaravillas.com\/asociacion\/wp-json\/wp\/v2\/comments?post=4853"}],"version-history":[{"count":20,"href":"https:\/\/antiguosalumnosmaravillas.com\/asociacion\/wp-json\/wp\/v2\/pages\/4853\/revisions"}],"predecessor-version":[{"id":4879,"href":"https:\/\/antiguosalumnosmaravillas.com\/asociacion\/wp-json\/wp\/v2\/pages\/4853\/revisions\/4879"}],"wp:attachment":[{"href":"https:\/\/antiguosalumnosmaravillas.com\/asociacion\/wp-json\/wp\/v2\/media?parent=4853"}],"curies":[{"name":"wp","href":"https:\/\/api.w.org\/{rel}","templated":true}]}}