{"id":336,"date":"2015-12-14T10:00:16","date_gmt":"2015-12-14T09:00:16","guid":{"rendered":"http:\/\/antiguosalumnosmaravillas.com\/asociacion\/?page_id=336"},"modified":"2022-02-10T12:57:48","modified_gmt":"2022-02-10T11:57:48","slug":"secretarios-de-promocion","status":"publish","type":"page","link":"https:\/\/antiguosalumnosmaravillas.com\/asociacion\/secretarios-de-promocion\/","title":{"rendered":"SECRETARIOS DE PROMOCI\u00d3N"},"content":{"rendered":"<p>[et_pb_section fb_built=\u00bb1&#8243; fullwidth=\u00bbon\u00bb custom_padding_last_edited=\u00bbon|desktop\u00bb admin_label=\u00bbSecci\u00f3n\u00bb _builder_version=\u00bb3.22&#8243; background_color=\u00bb#006699&#8243; custom_padding_tablet=\u00bb50px|0|50px|0&#8243; custom_padding_phone=\u00bb\u00bb transparent_background=\u00bboff\u00bb padding_mobile=\u00bboff\u00bb make_fullwidth=\u00bboff\u00bb use_custom_width=\u00bboff\u00bb width_unit=\u00bbon\u00bb][et_pb_fullwidth_header title=\u00bbSECRETARIOS DE PROMOCI\u00d3N\u00bb text_orientation=\u00bbcenter\u00bb content_max_width=\u00bbnone\u00bb admin_label=\u00bbT\u00edtulo de anchura completa\u00bb _builder_version=\u00bb3.16&#8243; background_color=\u00bbrgba(255, 255, 255, 0)\u00bb button_one_border_radius_hover=\u00bb3&#8243; button_two_border_radius_hover=\u00bb3&#8243; button_one_letter_spacing_hover=\u00bb0&#8243; button_two_letter_spacing_hover=\u00bb0&#8243; button_one_text_size__hover_enabled=\u00bboff\u00bb button_two_text_size__hover_enabled=\u00bboff\u00bb button_one_text_color__hover_enabled=\u00bboff\u00bb button_two_text_color__hover_enabled=\u00bboff\u00bb button_one_border_width__hover_enabled=\u00bboff\u00bb button_two_border_width__hover_enabled=\u00bboff\u00bb button_one_border_color__hover_enabled=\u00bboff\u00bb button_two_border_color__hover_enabled=\u00bboff\u00bb button_one_border_radius__hover_enabled=\u00bbon\u00bb button_one_border_radius__hover=\u00bb3&#8243; button_two_border_radius__hover_enabled=\u00bbon\u00bb button_two_border_radius__hover=\u00bb3&#8243; button_one_letter_spacing__hover_enabled=\u00bbon\u00bb button_one_letter_spacing__hover=\u00bb0&#8243; button_two_letter_spacing__hover_enabled=\u00bbon\u00bb button_two_letter_spacing__hover=\u00bb0&#8243; button_one_bg_color__hover_enabled=\u00bboff\u00bb button_two_bg_color__hover_enabled=\u00bboff\u00bb] [\/et_pb_fullwidth_header][\/et_pb_section][et_pb_section fb_built=\u00bb1&#8243; admin_label=\u00bbSecci\u00f3n\u00bb _builder_version=\u00bb3.22&#8243;][et_pb_row admin_label=\u00bbFila\u00bb _builder_version=\u00bb3.25&#8243; background_size=\u00bbinitial\u00bb background_position=\u00bbtop_left\u00bb background_repeat=\u00bbrepeat\u00bb][et_pb_column type=\u00bb4_4&#8243; _builder_version=\u00bb3.25&#8243; custom_padding=\u00bb|||\u00bb custom_padding__hover=\u00bb|||\u00bb][et_pb_text admin_label=\u00bbTexto\u00bb _builder_version=\u00bb4.9.10&#8243; background_size=\u00bbinitial\u00bb background_position=\u00bbtop_left\u00bb background_repeat=\u00bbrepeat\u00bb hover_enabled=\u00bb0&#8243; use_border_color=\u00bboff\u00bb border_color=\u00bb#ffffff\u00bb border_style=\u00bbsolid\u00bb sticky_enabled=\u00bb0&#8243;]<\/p>\n<p style=\"text-align: justify;\">Tal y como reflejan los Estatutos de nuestra Asociaci\u00f3n, se requiere de un m\u00ednimo de 5 asociados por promoci\u00f3n para que exista la figura de Secretario.<\/p>\n<p style=\"text-align: justify;\">Las responsabilidades de esta figura, tal y como recogen los Estatutos en el art\u00edculo 29: \u201cCada promoci\u00f3n o conjunto de promociones, deber\u00e1 nombrar un Secretario de Promoci\u00f3n al objeto de servir de enlace entre sus compa\u00f1eros y la Junta Directiva, as\u00ed como colaborar activamente en el desarrollo de las actividades generales de la Asociaci\u00f3n y, muy especialmente, en aquellas que est\u00e9n dirigidas espec\u00edficamente a los miembros de su promoci\u00f3n\u201d.<\/p>\n<p style=\"text-align: justify;\">Todos los Secretarios de Promoci\u00f3n formar\u00e1n la\u00a0<strong>Comisi\u00f3n de Secretarios<\/strong>, que se reunir\u00e1 como m\u00ednimo una vez al a\u00f1o para tratar propuestas, actividades e inquietudes propias de los antiguos alumnos.<\/p>\n<p style=\"text-align: justify;\">El Secretario de Promoci\u00f3n es fundamental para que la Asociaci\u00f3n sea din\u00e1mica y crezca, tanto en asociados como en actividades, por lo que os animamos a todas las promociones a alcanzar el objetivo de los 5 asociados y a los que est\u00e9is interesados a presentar vuestra candidatura y a optar a este puesto.<\/p>\n<p style=\"text-align: justify;\">Actualmente los Secretarios de Promoci\u00f3n son los siguientes:<\/p>\n<table width=\"560\" style=\"width: 552px; height: 480px;\">\n<tbody>\n<tr style=\"height: 24px;\">\n<td style=\"width: 169.667px; height: 24px;\">PROMOCI\u00d3N<\/td>\n<td style=\"width: 366.333px; height: 24px;\">SECRETARIO<\/td>\n<\/tr>\n<tr style=\"height: 24px;\">\n<td style=\"width: 169.667px; height: 24px;\">60-61<\/td>\n<td style=\"width: 366.333px; height: 24px;\">JUAN VICENTE ROBLEDO<\/td>\n<\/tr>\n<tr style=\"height: 24px;\">\n<td style=\"width: 169.667px; height: 24px;\">74-75<\/td>\n<td style=\"width: 366.333px; height: 24px;\">FERNADO URQUIZA<\/td>\n<\/tr>\n<tr style=\"height: 24px;\">\n<td style=\"width: 169.667px; height: 24px;\">75-76<\/td>\n<td style=\"width: 366.333px; height: 24px;\">VICENTE P\u00c9REZ-ENCISO GARC\u00cdA<\/td>\n<\/tr>\n<tr style=\"height: 24px;\">\n<td style=\"width: 169.667px; height: 24px;\">78-79<\/td>\n<td style=\"width: 366.333px; height: 24px;\">PEDRO JOS\u00c9 PARRA S\u00c1NCHEZ<\/td>\n<\/tr>\n<tr style=\"height: 24px;\">\n<td style=\"width: 169.667px; height: 24px;\">80-81<\/td>\n<td style=\"width: 366.333px; height: 24px;\">ANA AYALA<\/td>\n<\/tr>\n<tr style=\"height: 24px;\">\n<td style=\"width: 169.667px; height: 24px;\">82-83<\/td>\n<td style=\"width: 366.333px; height: 24px;\">ADOLFO ARIAS FERIA<\/td>\n<\/tr>\n<tr style=\"height: 24px;\">\n<td style=\"width: 169.667px; height: 24px;\">84-85<\/td>\n<td style=\"width: 366.333px; height: 24px;\">MARISA DEL CAMPO<\/td>\n<\/tr>\n<tr style=\"height: 24px;\">\n<td style=\"width: 169.667px; height: 24px;\">85-86<\/td>\n<td style=\"width: 366.333px; height: 24px;\">I\u00d1IGO AGUILAR<\/td>\n<\/tr>\n<tr style=\"height: 24px;\">\n<td style=\"width: 169.667px; height: 24px;\">87-88<\/td>\n<td style=\"width: 366.333px; height: 24px;\">LUISA SEGURA<\/td>\n<\/tr>\n<tr style=\"height: 24px;\">\n<td style=\"width: 169.667px; height: 24px;\">88-89<\/td>\n<td style=\"width: 366.333px; height: 24px;\">CRISTINA S\u00c1NCHEZ RUBIO<\/td>\n<\/tr>\n<tr style=\"height: 24px;\">\n<td style=\"width: 169.667px; height: 24px;\">89-90<\/td>\n<td style=\"width: 366.333px; height: 24px;\">FEDERICO DE LA LASTRA CAMACHO<\/td>\n<\/tr>\n<tr style=\"height: 24px;\">\n<td style=\"width: 169.667px; height: 24px;\">91-92<\/td>\n<td style=\"width: 366.333px; height: 24px;\">DAVID RANZ<\/td>\n<\/tr>\n<tr style=\"height: 24px;\">\n<td style=\"width: 169.667px; height: 24px;\">92-93<\/td>\n<td style=\"width: 366.333px; height: 24px;\">JOS\u00c9 DANIEL GARCIA ESPINEL<\/td>\n<\/tr>\n<tr style=\"height: 24px;\">\n<td style=\"width: 169.667px; height: 24px;\">94-95<\/td>\n<td style=\"width: 366.333px; height: 24px;\">JAVIER ORTEGA<\/td>\n<\/tr>\n<tr style=\"height: 24px;\">\n<td style=\"width: 169.667px; height: 24px;\">95-96<\/td>\n<td style=\"width: 366.333px; height: 24px;\">\u00c1LVARO MART\u00cdNEZ<\/td>\n<\/tr>\n<tr style=\"height: 24px;\">\n<td style=\"width: 169.667px; height: 24px;\">01-02<\/td>\n<td style=\"width: 366.333px; height: 24px;\">GUILLERMO MORENO<\/td>\n<\/tr>\n<tr style=\"height: 24px;\">\n<td style=\"width: 169.667px; height: 24px;\">07-08<\/td>\n<td style=\"width: 366.333px; height: 24px;\">RAFA HERN\u00c1NDEZ PAILOS<\/td>\n<\/tr>\n<tr style=\"height: 24px;\">\n<td style=\"width: 169.667px; height: 24px;\">12-13<\/td>\n<td style=\"width: 366.333px; height: 24px;\">PABLO MORENO<\/td>\n<\/tr>\n<\/tbody>\n<\/table>\n<p>[\/et_pb_text][\/et_pb_column][\/et_pb_row][\/et_pb_section]<\/p>\n","protected":false},"excerpt":{"rendered":"<p>Tal y como reflejan los Estatutos de nuestra Asociaci\u00f3n, se requiere de un m\u00ednimo de 5 asociados por promoci\u00f3n para que exista la figura de Secretario. Las responsabilidades de esta figura, tal y como recogen los Estatutos en el art\u00edculo 29: \u201cCada promoci\u00f3n o conjunto de promociones, deber\u00e1 nombrar un Secretario de Promoci\u00f3n al objeto [&hellip;]<\/p>\n","protected":false},"author":746,"featured_media":0,"parent":0,"menu_order":0,"comment_status":"closed","ping_status":"closed","template":"","meta":{"_et_pb_use_builder":"on","_et_pb_old_content":"","_et_gb_content_width":"","footnotes":""},"class_list":["post-336","page","type-page","status-publish","hentry"],"_links":{"self":[{"href":"https:\/\/antiguosalumnosmaravillas.com\/asociacion\/wp-json\/wp\/v2\/pages\/336","targetHints":{"allow":["GET"]}}],"collection":[{"href":"https:\/\/antiguosalumnosmaravillas.com\/asociacion\/wp-json\/wp\/v2\/pages"}],"about":[{"href":"https:\/\/antiguosalumnosmaravillas.com\/asociacion\/wp-json\/wp\/v2\/types\/page"}],"author":[{"embeddable":true,"href":"https:\/\/antiguosalumnosmaravillas.com\/asociacion\/wp-json\/wp\/v2\/users\/746"}],"replies":[{"embeddable":true,"href":"https:\/\/antiguosalumnosmaravillas.com\/asociacion\/wp-json\/wp\/v2\/comments?post=336"}],"version-history":[{"count":7,"href":"https:\/\/antiguosalumnosmaravillas.com\/asociacion\/wp-json\/wp\/v2\/pages\/336\/revisions"}],"predecessor-version":[{"id":3976,"href":"https:\/\/antiguosalumnosmaravillas.com\/asociacion\/wp-json\/wp\/v2\/pages\/336\/revisions\/3976"}],"wp:attachment":[{"href":"https:\/\/antiguosalumnosmaravillas.com\/asociacion\/wp-json\/wp\/v2\/media?parent=336"}],"curies":[{"name":"wp","href":"https:\/\/api.w.org\/{rel}","templated":true}]}}